der when 35 is divided by (-4)/(2/(i/(-2))).
11
Let l = 3 - -35. Let r(p) = p - 4. Let c be r(7). What is the remainder when l is divided by (39/2)/c*2?
12
Let g = -100 + 114. Calculate the remainder when 167 is divided by g.
13
Suppose q = -5*t - 0*t + 20, 0 = t. Calculate the remainder when 93 is divided by q.
13
Suppose -3 = -g, 5*l + 3*g = g + 76. Calculate the remainder when l is divided by 5.
4
Let n(b) = b + 8. Let m be n(0). Suppose -m = -g - 3. Suppose 3*o - 23 = 1. What is the remainder when o is divided by g?
3
Calculate the remainder when 36 is divided by 588/60 + 2/10.
6
Suppose 27 = 3*a - 93. Let x = 49 - 35. What is the remainder when a is divided by x?
12
Let d(o) = o**3 - 5*o**2. Let t be d(5). Let q(l) = -l**3 + l**2 + l + 19. Calculate the remainder when 54 is divided by q(t).
16
Suppose -4*p + 0*d = d - 70, 5*d = -5*p + 80. Calculate the remainder when 33 is divided by p.
15
Let l(i) = 3*i**3 - 2*i**2 + i - 2. Suppose 0 = -5*d + 6 + 4. Calculate the remainder when (62 - -2) + (1 - 4) is divided by l(d).
13
Suppose 0 = -5*b + 5, -3*a - 2 = -4*b - 49. Calculate the remainder when 184 is divided by a.
14
Let o = 7 + 59. Let p be 0 - (32/(-4))/2. Suppose -8*x - j = -p*x - 63, 4*x + 4*j = 48. Calculate the remainder when o is divided by x.
15
Suppose d + 4*d = 0. Suppose 5*z + 50 - 235 = d. What is the remainder when z is divided by 13?
11
What is the remainder when (-286)/(-10) - 22/(-55) is divided by 6?
5
Let d be (-154)/(-7)*7/(-2). Let n = d - -110. Calculate the remainder when n is divided by 18.
15
Let d(w) = 7*w - 23. Calculate the remainder when 34 is divided by d(6).
15
Let u(w) = w**2 + 6*w - 4. Let l be u(-7). Calculate the remainder when 14 is divided by l*(-1 + 24/9).
4
Suppose 5*j - 3*w = 74, 4*j + j = -2*w + 59. Calculate the remainder when j is divided by 3.
1
Let p = 8 - 5. Suppose 2*x + p*x - 140 = 0. What is the remainder when x is divided by 6?
4
Let o = 55 + -83. Let a = -12 - o. Calculate the remainder when a is divided by 6.
4
Let t = -77 - -181. Let n = t - 73. Calculate the remainder when n is divided by 11.
9
Suppose -3*s + 36 = -5*s. Let c = 1 - s. Calculate the remainder when 36 is divided by c.
17
Let k(s) = -3*s**2 + 2*s - 6. Let m(n) = 4*n**2 - 2*n + 7. Let x(c) = 5*k(c) + 4*m(c). What is the remainder when 9 is divided by x(-4)?
3
Let p be 1 + 1 + (-7 - 0). Let l = p - -4. What is the remainder when 5*2 - 0/l is divided by 4?
2
Suppose -10*g + 3*g + 182 = 0. What is the remainder when 95 is divided by g?
17
Suppose 4*u - 71 = -5*f, -3*f + 2*u + 12 = -13. What is the remainder when 52 is divided by f?
8
Let m(b) = -19*b + 18. Calculate the remainder when m(-3) is divided by 23.
6
Suppose -u = 3*k + u - 150, -3*k = -u - 159. What is the remainder when k is divided by 27?
25
Let w = 22 - 6. Suppose -m = 2*m + 87. Let j = -20 - m. Calculate the remainder when w is divided by j.
7
Suppose 2*x - 8 - 2 = 0. Calculate the remainder when 16 is divided by x.
1
Let x(r) = 2*r**2 - 2*r + 8. What is the remainder when x(7) is divided by 31?
30
Let r = 13 + -12. What is the remainder when r is divided by 1?
0
Let d = -16 - -12. Calculate the remainder when 44 is divided by 70/(-7)*6/d.
14
Let n = -25 + 46. What is the remainder when 102 is divided by n?
18
Let q(f) = -f**3 - 11*f**2 - 5*f - 37. What is the remainder when 107 is divided by q(-11)?
17
Suppose 293*c - 180 = 287*c. Calculate the remainder when c is divided by 9.
3
Let b = -3 - -3. Suppose -4*j + 1 = -3*f, 3*f - 5*j + 5 = -b*f. Calculate the remainder when 14 is divided by f.
4
Let l(o) = -o**3 - 3*o**2 + 9*o - 6. Suppose 2*i - 3 + 15 = 5*n, -n + 6 = -i. What is the remainder when l(i) is divided by 25?
23
Let v(i) = 16*i - 9. Suppose 5*a - 4*h - 29 = -h, -2*h = 2*a - 2. Suppose -m = 3*m - 76. Calculate the remainder when v(a) is divided by m.
17
Suppose -4*h + 16 = 2*l, 0 = 2*l + 5*h - 9 - 10. Suppose -11 = l*u + 2*c + 3*c, u + c - 2 = 0. Calculate the remainder when u is divided by 4.
3
Suppose 5*a - 3 - 12 = 0. Calculate the remainder when 13 is divided by a.
1
Let l(w) = w**2 + 9*w - 16. Suppose 3*a + 5*m + 11 = 0, -5*a - 4*m + 0 = 40. Calculate the remainder when 39 is divided by l(a).
19
Let h(d) = -d**3 + 6*d**2 - 4*d + 3. Let z be h(6). Calculate the remainder when 35 is divided by ((-90)/z)/(6/28).
15
Let u(k) = k**3 + 5*k**2 + k - 3. What is the remainder when 26 is divided by u(-2)?
5
What is the remainder when (-328)/(-10) + 2/30*3 is divided by 3?
0
Suppose -5 - 3 = -2*n. Suppose -74 = n*h - 270. What is the remainder when h is divided by 26?
23
Suppose -5*a + 85 = 5*i, -a - 56 = -5*a + 2*i. Calculate the remainder when a is divided by 4.
3
Let v(l) = 6*l**2 + 31*l - 32. What is the remainder when v(-10) is divided by 52?
50
Suppose -5*s - c = -215, 3*c - 15 + 144 = 3*s. Calculate the remainder when s is divided by 15.
13
Suppose -4*s - 2*f - f + 775 = 0, 986 = 5*s - 2*f. What is the remainder when 2/4*s/7 is divided by 5?
4
Suppose 0 = -9*t + 6*t + 63. Let c = -4 + t. Calculate the remainder when c is divided by 6.
5
Calculate the remainder when ((-6)/9 + 1)*123 is divided by 11.
8
Let i = -127 - -45. Let y = -10 - i. What is the remainder when y is divided by 15?
12
Suppose 12 = -2*b + 30. What is the remainder when 24 is divided by b?
6
Let p(q) = -q. Let b be p(-6). Suppose -3*g - 10 = -2*t, t + 2*g + 25 = b*t. Calculate the remainder when 18 is divided by t.
3
Suppose 3*t = t - 6, 3*t - 11 = 5*k. Let c = 19 + -5. What is the remainder when (8 + k)/(3/30) is divided by c?
12
Suppose 2*p = -r + 51, 0 = 4*p + 3*r - 5*r - 114. Calculate the remainder when 104 is divided by p.
23
Let s(g) = g**3 - 7*g**2 - 2. Let k be s(7). Let x be (4/8)/(k/12). Calculate the remainder when 17 is divided by (-3)/9 + (-19)/x.
5
Let j(b) = -3*b - 8. Suppose -2*i + i = -t, 0 = -2*t + i. Suppose a - 9 - 21 = t. Calculate the remainder when a is divided by j(-8).
14
Let n(l) = l**2 - l. Let k be n(0). Let z(v) = -v**2 + 15. Calculate the remainder when z(k) is divided by 33/4 - 2/8.
7
Suppose 460 = 4*c - z + 137, -5*z + 5 = 0. Let a = -48 + c. Calculate the remainder when a is divided by 17.
16
Let y = 109 + -67. Let l = y - 22. Calculate the remainder when 39 is divided by l.
19
Calculate the remainder when 357/18 + -1 + (-1)/(-6) is divided by 10.
9
Let o = 7 - 5. Suppose -o*r - 12 = -4*r - 2*v, -5*r + 30 = -4*v. Calculate the remainder when r is divided by 4.
2
Let u be ((-4)/10)/(3/(-15)). Suppose 2 - 6 = u*w. What is the remainder when (0 - w)/(-2)*-5 is divided by 3?
2
Suppose -y + 133 = 3*g, g - 3*g + 2*y = -78. What is the remainder when g is divided by 15?
13
Let r(a) = 2*a**2 + 5*a + 5. What is the remainder when r(-5) is divided by 11?
8
Calculate the remainder when (38 + -1)/(5 + -4) is divided by 10.
7
Suppose 3 = g - 18. Calculate the remainder when 60 is divided by g.
18
Suppose 0*q = 3*q - 18. Calculate the remainder when 20 is divided by q.
2
Calculate the remainder when (2/6)/((-1)/(-51)) is divided by 6/(-9) - 80/(-12).
5
Let a = 47 - 36. What is the remainder when a is divided by 8?
3
Let b(p) = -p**2 - 5*p - 1. Let h be b(-3). Suppose -c = 3*f - 28, 0 = -3*f + 4*c + h + 3. Calculate the remainder when 22 is divided by f.
6
Let p be 8 + (-12)/((-12)/(-4)). Suppose 4*j + 5 = 5*b, 4*j - p*b - 5 = -b. Calculate the remainder when 19 is divided by j.
4
Let l(g) = 5*g**2 - 2*g. Calculate the remainder when l(2) is divided by 7.
2
Suppose -28 = 4*s - 6*s. What is the remainder when 55 is divided by s?
13
Let d = -10 - -3. Let u = 2 - d. What is the remainder when 44 is divided by u?
8
Suppose 4*a - 150 = -2*b + 3*a, 3*a - 228 = -3*b. Calculate the remainder when b is divided by 25.
24
Suppose 3*v - 5*d = -45, 3*d = -5*v - d - 75. Suppose -2*i + 0 + 4 = 0. Let f = i - v. Calculate the remainder when f is divided by 5.
2
Let u be 8/(-12)*(-3)/2. Let c = u - 3. Let j = c + 31. What is the remainder when j is divided by 10?
9
Let q(l) = l**3 - 2*l**2 - 3*l - 16. What is the remainder when q(5) is divided by 15?
14
Let a(s) = 3*s - 3. Calculate the remainder when a(5) is divided by 5.
2
Let f(u) = -u**3 + 4*u**2 + 7*u + 1. Let g(t) = 3*t. Let s be g(3). Let z be (1 + s)*3/6. Calculate the remainder when f(z) is divided by 4.
3
Suppose -2*m + 